2/2 - b + 26. Give p(4).
-13
Let o(m) = -2*m**2 + 3*m - 1. Let x be -29 + ((-12)/(-4)*-1 - -2). Let h be (1/(-3))/(x/(-36) - 1). What is o(h)?
-3
Let v(r) = -73 + 66*r + 3*r**2 + r**3 - 33*r - 34*r + 77. Suppose 0 = 5*t + 12 + 8. Give v(t).
-8
Let y(z) be the first derivative of -z**4/4 + 7*z**3/3 + 5*z**2/2 + 4*z + 120. Calculate y(8).
-20
Let k(j) = -j**3 + 7*j**2 - 7*j. Let x be k(2). Let h(r) = 3 - 2 - 2 + r. What is h(x)?
5
Let j(l) = -8*l + 2. Let w be 5/(10 - 5)*2. Calculate j(w).
-14
Let g be 3/(12/(-8)) - -10. Let d(i) = -8 - i + 0 + g. Calculate d(-7).
7
Suppose 261 = -5*j + 14*j. Suppose j*l + 25 = 24*l. Let p(f) = f + 2. Calculate p(l).
-3
Let k(z) = -2*z - 2. Suppose -5*o + h = -20, -4*o + 12 = -o + 2*h. Let m be ((-12)/(-5))/o*5. Determine k(m).
-8
Let r(h) be the first derivative of -h**3/3 - 7*h**2/2 - 7*h - 2136. Let m(b) = -b**3 - 5*b**2 - 4*b. Let f be m(-3). What is r(f)?
-1
Let i(w) be the third derivative of -1/4*w**4 + 0 + 4/3*w**3 + 0*w + 16*w**2 - 1/60*w**5. What is i(-8)?
-8
Let l(z) = -5*z - 4. Let i(a) = 0 - 529*a + 3 + 533*a. Let y(o) = 4*i(o) + 3*l(o). Give y(4).
4
Let c be (-2 + 34/8)*92/(-69). Let g(s) = -1 + 4*s - 5*s - 2 - 1. Give g(c).
-1
Let q(u) = -2*u**3 - u**2 - 13*u + 15. Let p(f) = f**3 + 6*f - 7. Let w(m) = -9*p(m) - 4*q(m). Suppose 0 = 5*i - 5 - 0. Suppose 5*r - i = 19. What is w(r)?
-5
Suppose 6*t + 3*a + 12 = 3*t, 4*a + 7 = 5*t. Let r(c) = -4*c**2 + 2*c + 1. Calculate r(t).
-5
Let r(n) = -n. Let y(a) = a**3 + a**2 + 17. Let v be y(0). Suppose 5 = 5*j, c + 3*j + 2*j - v = 0. Let p be 3/c - (-6)/8. Calculate r(p).
-1
Let a(u) = u**2 - 3*u - 3. Let g be a(-2). Suppose g*y = 5*y. Suppose 4*r - 2*r + 10 = y. Let t(z) = -z**3 - 6*z**2 - 4*z + 4. Give t(r).
-1
Let i(u) be the third derivative of 0*u - 2/15*u**5 - 1/24*u**4 + 0*u**3 + 0 - 6*u**2. Determine i(-1).
-7
Let r(d) = -1 + d + 0*d + 4*d - 4. Let t(l) = 3*l - 2. Let j(h) = 4*r(h) - 7*t(h). Determine j(-6).
0
Let t(z) be the second derivative of -z + 0 - 9/2*z**2 + 1/6*z**3. Let i = 363 - 359. What is t(i)?
-5
Let g(m) be the third derivative of m**6/40 + m**5/60 - m**4/12 + m**3/6 + 141*m**2 + m. What is g(-2)?
-15
Suppose 56 = 20*r - 13*r. Let f(h) = -h**3 + 7*h**2 + 4*h + 3. Give f(r).
-29
Let d(n) = 7*n**2. Let g be (-8)/20 - 72/(-30). Let a be (-1)/(g/(-4)) - (1 + 0). What is d(a)?
7
Let k = -319 - -7657/24. Let i(f) be the third derivative of 4*f**2 + 0*f + 0 + 0*f**3 + 1/10*f**5 + 1/120*f**6 + k*f**4. Determine i(-6).
-6
Let o(p) be the third derivative of p**6/120 - p**5/12 - p**4/24 + p**3/3 - 20*p**2 + 3*p. Determine o(5).
-3
Suppose -32 = -4*f - 0*t - 4*t, -2*t + 8 = 0. Let k be 1/(f/(-6)*(-8)/(-16)). Let v(y) = y - 1 + 3*y - 6*y. Give v(k).
5
Let n(u) = u**3 + 13*u**2 + 12*u + 8. Let m be n(-12). Let x(v) = 2*v - 7. What is x(m)?
9
Let l(y) = y**2 - 4*y - 6. Suppose -14 = -14*h + 28. Let s(x) = -x. Let k(w) = h*s(w) - l(w). Calculate k(0).
6
Let s(t) = -3*t**2 + 8*t - 25. Let a(q) = 4*q**2 - 8*q + 26. Let n(l) = 4*a(l) + 5*s(l). Determine n(-11).
12
Let w(d) = 3*d - 6. Let q = 17 - 19. Let s be (-1)/q*(11 - (0 - 1)). Give w(s).
12
Suppose 0 = 162*d - 156*d + 42. Let u(f) = -f**2 - 7*f + 2. What is u(d)?
2
Let v(z) = 2*z - 80 + 2*z + 25 - z + 5. Give v(20).
10
Let q(j) = 2*j + 12. Suppose 3*o = -5*t - 44, -3*o - 39 = 3*t - 3. Give q(o).
-4
Let o(z) be the third derivative of z**6/120 + 2*z**5/15 - z**4/24 - 7*z**3/6 - z**2 + z. Give o(-8).
1
Let n(o) be the second derivative of o**5/20 - o**4/6 + o**3/6 + o**2 + 3*o - 3. Give n(4).
38
Suppose 5*i = -5*z - 55, -6*i = z - 0*z + 41. Let w(j) = 2*j**3 + 13*j**2 + 7*j + 3. Determine w(i).
-3
Let m(x) be the first derivative of x**6/120 - x**5/10 + x**4/24 - 7*x**3/6 - 13*x**2/2 + 12. Let s(j) be the second derivative of m(j). Give s(6).
-1
Let i(w) = -4*w**3 - 6*w**2 - 5*w - 4. Let d be i(-2). Let a(c) = -c**3 + 14*c**2 - c + 16. Give a(d).
2
Let z = 14 + 7. Let i(p) = -2 - 17*p - z*p + 57*p - 21*p. Determine i(-4).
6
Let i(o) = -4*o + 9*o**2 + 14*o**2 - 54 + 49 - 24*o**2. Determine i(-3).
-2
Let i(x) = x**2 + 7*x - 6. Suppose -3*k + 136 = -5*g - 20, 3*k = 3*g + 96. Let n = 23 + g. Calculate i(n).
-6
Let m(z) = -z + 6. Let y be m(0). Suppose -y = -4*d + 14. Suppose 3*s - 1 = d. Let n(f) = f**2 - 3*f + 2. Calculate n(s).
0
Let y(j) = -19*j**2 + 2*j + 2. Let o(s) = 2*s**2 - 51*s + 323. Let u be o(12). Determine y(u).
-19
Let o(q) be the second derivative of q**3/6 - q**2 + 7*q. Let r(j) = -j**3 + 13*j**2 - j + 17. Let p be r(13). Suppose 7*s - p*s = 15. What is o(s)?
3
Let f(j) be the second derivative of -9*j**3/2 - 3*j**2/2 + 174*j. Calculate f(1).
-30
Let n(s) = 7*s**3 - 3*s**2 + s - 10. Let r(v) = 8*v**3 - 4*v**2 + v - 12. Let l(t) = -7*n(t) + 6*r(t). Determine l(-3).
1
Let l be 3*(-8)/6 - 1. Let q(n) = 8 - 7*n - 8 + n**2 - 2*n**2. Calculate q(l).
10
Let p(q) = -29*q + 79*q - 35*q - 27*q. Determine p(-1).
12
Let j(k) = k**3 + 5*k**2 + 6. Let f be (-355)/(-142)*24/(-10). What is j(f)?
-30
Let m(v) = -6*v + 51. Let k = 2554 + -2545. Determine m(k).
-3
Let f(p) = p**3 + 3*p**2 - p - 3. Suppose 0*q - 4*i = -q - 12, 2*q + 2*i = 16. Suppose y + 3*y = -q. Let c be -3*((y - -3) + -1). Determine f(c).
0
Let k(t) be the second derivative of t**5/20 - t**4/4 - t**3 + 5*t**2/2 + 2*t + 66. What is k(4)?
-3
Let h(d) be the first derivative of -d**6/360 - d**5/24 + d**4/24 + 2*d**3 + 20. Let w(a) be the third derivative of h(a). What is w(-6)?
-5
Let f(a) = -4*a - 4*a**3 + 42 + 25*a**2 - 17*a**2 + 9*a**3 - 30 - 6*a**3. Determine f(8).
-20
Let d = -26 - -36. Let r be (35/d + 4)*4/(-6). Let t(w) = -3*w + 4. Give t(r).
19
Let q(t) = -17*t + 15*t - 2*t**2 + 3*t**2 - 12 + t**2 - 11*t. Determine q(7).
-5
Let p(c) = 33*c - 5. Let y(w) = -14*w + 1. Let x(d) = -p(d) - 2*y(d). Calculate x(-3).
18
Let p(m) = m + 1 - 10 + 8. Let v(a) = -8*a + 5. Let n(r) = 6*p(r) + v(r). Determine n(-1).
1
Suppose -5*j = -2*b + 13, 6*b + 5*j - 15 = b. Let t(z) be the second derivative of -1/6*z**3 + 1/12*z**b + 1/20*z**5 + 1/2*z**2 + 0 + 5*z. Determine t(2).
11
Let w(h) = h**2 + 2*h - 3. Let a be (-8)/(16/14) + 4. What is w(a)?
0
Let u(g) = 3*g - 10. Suppose -7 = -13*f + 20*f. Let h(c) be the third derivative of -c**4/24 + c**3/6 - 2*c**2. Let j(v) = f*u(v) - 4*h(v). Determine j(0).
6
Let p(m) = -m + 6. Let c(x) = 3*x**3 - 4*x + 3*x**3 + 0*x**3 - 5*x**3 + 3*x**2. Let j be c(-4). Calculate p(j).
6
Let n(b) = -b**2 + 15*b - 11. Suppose 147 - 17 = 10*x. Give n(x).
15
Suppose -3*s - 192 = -4*v, 3*s - s = -5*v - 105. Let b be -1*((-2)/(-4) - s/8). Let t(z) = z**3 + 9*z**2 + 7*z + 1. Calculate t(b).
9
Let a = 13 - 9. Let t(u) = u - 4. Let b be t(6). Let k(x) = 11*x**b - 6*x**2 - 2*x - 6*x**2 - a - 3*x. Determine k(-6).
-10
Suppose -y + 6 = 1. Let c be (-3 - -1)*(-10)/20. Let g(o) = 5 - c - 5 - o. Determine g(y).
-6
Let m(i) = i**2 + 4*i + 6. Let a be 36/(-10)*(-60)/18. Suppose 2*w - a = 5*w. Let k be m(w). Let x(v) = -v + 3. Give x(k).
-3
Let c be (-2)/(-5) - 9/(-15). Let j(p) = -p**3 + 2*p**2 - 1. Let b be j(c). Let i = 2 + b. Let w(n) = -n**2 + 2*n - 3. Give w(i).
-3
Let n(k) = -k**3 - 7*k**2 - k - 4. Suppose 0 = -f + 5*f - 24. Suppose 2*a = -8 - f. Let t be n(a). Let d(h) = h**2 - 2*h + 1. Determine d(t).
4
Suppose -4*f = -2*f. Suppose 3*p - 31 = -5*u, f*p + 17 = 3*u + p. Let k(x) = -x + 9. Calculate k(u).
4
Let o(s) = s**2 - 2*s - 2. Let q(u) = 21*u**2 - 21*u - 20. Let x(m) = -10*o(m) + q(m). Let w be ((-1)/(-2))/1*-2. Calculate x(w).
12
Let u(w) be the first derivative of -w**4/4 - 7*w**3/3 + 5*w**2 + 12*w + 83. Let d = -20 - -12. What is u(d)?
-4
Let n(f) = -2*f - 3. Suppose -8 = 20*c - 22*c. Suppose 4*t = -m + t + 15, -4*m + 32 = 5*t. Suppose m = z + 2*q - 3*q, -c*q + 8 = 0. Calculate n(z).
-13
Let r = -12 + 7. Let y(s) = s**3 + 5*s**2 + s + 1. What is y(r)?
-4
Suppose -2 = d + 3*a, -4*d + 5*a = 4*a + 8. Let r(x) be the second derivative of 1/6*x**3 + 7*x + 0*x**2 + 5/12*x**4 + 1/20*x**5 + 0. Determine r(d).
10
Let l(x) be the second derivative of -x**3/6 - x**2/2 - x. Let o(t) = -t**2 + 13*t - 11. Let s be o(12). Suppose 0 = -6*f + 5*f - s. Give l(f).
0
Let z(x) be the third derivative of x**6/120 - x**5/60 - x**4/24 - 20*x**2. What is z(2)?
2
Let p(o) = 7*o + 93. Let a(x) = 15*x + 201. Let h(s) = -6*a(s) + 13*p(s). Suppose -4*z